20*j - 51. Let f be b(-22). Let x(o) = -118*o - 28. What is the units digit of x(f)?
8
Suppose -116*y - 93*y = 114*y - 4589507. What is the ten thousands digit of y?
1
Let q(h) = 7*h**2 - 23*h + 22. Let m(j) = -j**2 + j - 1. Let u(n) = 5*m(n) + q(n). Let v = 11483 + -11471. What is the tens digit of u(v)?
8
Suppose 2*a - 21 = -2*a + 3*l, 12 = a - 3*l. Let c(x) = 31*x**2 - 6*x + 5. Let r be c(a). Let h = -40 + r. What is the tens digit of h?
2
Suppose 345 = 5*y - 5*t - 0*t, -2*y - t = -132. Let s = y + -62. Suppose -3*i - 558 = -4*x + x, s*x - 906 = -3*i. What is the units digit of x?
3
Let d(i) = -i**3 + 2*i**2 + 4*i - 5. Let w be d(2). Suppose -2*n + y + 345 = 0, 2*n - 2*y + 160 = w*n. What is the units digit of n?
0
Let w(d) = 1923*d**2 - 35*d - 23. What is the thousands digit of w(-5)?
8
Let k(l) be the first derivative of l**6/20 + l**5/120 - 7*l**3/3 + 8. Let m(t) be the third derivative of k(t). What is the units digit of m(-1)?
7
Suppose 0 = 12*c + 7*c + 38. What is the units digit of 9/(99/c) - (-3885)/11?
3
Suppose -130*a + 5*h + 3173 = -129*a, 2*h = 3*a - 9519. What is the hundreds digit of a?
1
Suppose 27*d - 524192 = -78233. What is the units digit of d?
7
Suppose 337*y = 331*y - 492. Suppose 6*w - 4*w + 316 = 2*g, -5*w - 4*g - 754 = 0. Let j = y - w. What is the tens digit of j?
7
Let p = 41 + 7003. What is the hundreds digit of p?
0
Let b(f) = 6 + 2 - 1 - 111*f + 78*f**2 - 2. What is the hundreds digit of b(4)?
8
Let g(v) = -v**2 + 6*v. Let x be g(3). Let n be 565/x + (-4)/(-18). Suppose l + 5*u = n, 4*u - 10 = 3*l - 161. What is the units digit of l?
3
Suppose -25*l - 317 = -142. Let t = -1 + -7. What is the tens digit of (t/(-2))/(l/((-203)/2))?
5
What is the tens digit of (84/(-147))/(150/35 + -4) - -19822?
2
Let n = 20 + -12. Let z be ((-5)/2)/((-5)/(-10)). What is the tens digit of ((-36)/z)/(n/40)?
3
Let d be 2/(((-2)/(-16))/((-2)/(-8))). Suppose d*w - q = -2*q - 227, -127 = 2*w + 5*q. What is the units digit of (w/(-6))/(18/189)?
8
Let b(a) = a - 2. Let j be b(-10). Let z be (-4 - 160/(-12))*j. Let c = 191 + z. What is the units digit of c?
9
Suppose -1350 - 778 = 14*l. What is the units digit of -9 + 17 + -9 - (l + 1)?
0
Suppose 0 = -4134*u + 4111*u + 693404. What is the ten thousands digit of u?
3
Suppose -m = -3*m - 0*m. Suppose m = b - 580 - 126. Suppose -3*z = z + u - 557, -2*u = -5*z + b. What is the hundreds digit of z?
1
Let t = 104 - 94. What is the tens digit of (94/3)/(10/6)*t?
8
Let g(i) = -i**3 + 2*i**2 + 2. Suppose -j - 12*j = 52. Let z be g(j). Suppose -620 = -6*s - z. What is the tens digit of s?
8
Let z(y) = y**2 + 10*y + 13. Let i be (-54)/(-4)*38/(-57). Let r be z(i). Suppose -r*v + v = -108. What is the tens digit of v?
3
Let u = 40011 - 13633. What is the tens digit of u?
7
Let i be (-3)/12 - 50/(-8). Let q be 6/(-9)*1*i/(-2). What is the units digit of 6/12*(135 - q - -1)?
7
Let p = -48905 - -127124. What is the thousands digit of p?
8
What is the tens digit of (1/(3/1))/(5/79305)?
8
Suppose 4*k - 7 = -3, -3*x + 5*k + 22 = 0. Suppose 0 = 12*b - 33 + x. Suppose 2*u - b*o - 388 = -0*o, 5*o = -25. What is the units digit of u?
9
Let l(x) = x**3 - 50*x**2 + 27*x + 17. What is the tens digit of l(51)?
9
Suppose 0 = -5*k - y - 5 + 10, -25 = -3*k - 5*y. Suppose k = 109*q - 108*q - 479. What is the units digit of q?
9
What is the units digit of (17 + 3595/(-25))*-65?
2
Let w be 10*(-4)/(-4)*1. Let f be -49*-6*5/w. Let l = f + -87. What is the tens digit of l?
6
Let j = 973 - -1100. What is the hundreds digit of j?
0
Let w(x) = -23*x**3 - 13*x**2 - 16*x - 59. What is the thousands digit of w(-8)?
1
Let t(q) = -2084*q**3 - 3*q**2 - 5*q - 3. What is the tens digit of t(-1)?
8
Let o(y) = -1522*y - 2506. What is the thousands digit of o(-26)?
7
Suppose -2*a + 2280 = a. Suppose -a = -5*x - 20. Let f = -78 + x. What is the units digit of f?
0
Suppose 0 = 6*b - 55 + 7. Let h be (5 - 0)*(-7)/(1 - b). Let l(w) = 16*w - 4. What is the tens digit of l(h)?
7
Let n = -3834 - -9609. What is the thousands digit of n?
5
What is the thousands digit of (-16 - 704)*140/(-15)?
6
Let i(j) = 8*j + 24. Let r be i(-3). Suppose 2*x - 6 = -r*x. What is the tens digit of ((-12)/(-16))/(x/(-624)*-1)?
5
What is the hundreds digit of 191385/24 - 210/560?
9
Let r = 23676 - -16376. What is the hundreds digit of r?
0
Let m = -8 + 5. Suppose f - 5 = -0*f, -3*f = -5*t - 170. Let a = m - t. What is the units digit of a?
8
Let a be 7 + 1080/63 - 1/7. Let l = -11 + 79. Let h = l - a. What is the units digit of h?
4
Suppose -12*i + 23001 + 89295 = 0. What is the units digit of i?
8
Let p = 2129 - -17249. What is the hundreds digit of p?
3
Suppose 2*w - 3*t = 2529, w + t + 4*t - 1245 = 0. Let o = w + -696. What is the units digit of o?
4
Suppose -3*t + 3*n + 111465 = 0, -3*n = 5*t + 56442 - 242185. What is the thousands digit of t?
7
Let u = -46638 - -77443. What is the ten thousands digit of u?
3
Let y be (-44 - -48)/(3/(6/4)). Suppose 5*u + 7*i = 6*i + 2016, 3*u - 1204 = -y*i. What is the units digit of u?
4
Let o = 76070 + -39153. Suppose -a - 28*a = -o. What is the thousands digit of a?
1
Let r = 143 - 141. What is the tens digit of 5 + 1148 - (-4 - r)/(-2)?
5
Let z = 61 + 85. Let w = z + -86. Let n = w + -8. What is the units digit of n?
2
Let x = 848 + -385. Let t = x - -155. What is the hundreds digit of t?
6
Let h = 1518 + -640. Let o = h - 86. What is the units digit of o?
2
Let u = 1441 + -477. Suppose -5*n + 1584 + 32 = -j, -5*j = 3*n - u. What is the tens digit of n?
2
Let o = 10176 - 3112. What is the thousands digit of o?
7
Suppose 95*h - 99*h - 20 = 0. What is the hundreds digit of h/(-10) - 0 - 263/(-2)?
1
Let t = 32 - 27. Suppose -m + 4 = 4*n, -t*m + 5*n - 2 = -22. Suppose -4*l = -m*q + q - 369, -2*q + 95 = l. What is the tens digit of l?
9
Let k(f) = -f**3 - 8*f**2 - 13*f + 7. Let s be k(-6). Suppose s*c - 12284 = 6085. What is the thousands digit of c?
1
Suppose -3*s - h + 11 = 0, -17*s + 15*s = -2*h - 18. Suppose -2*r - 3*n - 10 = -112, -4*r - s*n + 208 = 0. What is the units digit of r?
7
Suppose -3*v = 2*v + 10340. Let t = v - -3368. Suppose 6*a - t = a. What is the units digit of a?
0
Suppose 3*g - 195*s - 40132 = -200*s, -53466 = -4*g + 2*s. What is the tens digit of g?
6
Suppose 0 = 91*p - 78*p - 111397. What is the units digit of p?
9
Suppose 4*z - 3*k = -7*k - 224, 3*z = -4*k - 171. Let g = -54 - z. What is the hundreds digit of (222 + 4)*g/(0 - 2)?
1
Suppose -1934904 = -64*w - 679544. What is the ten thousands digit of w?
1
Suppose 0 = -4*b - 2*g - 22, 5*b + 0*g - g = -45. Let w be (4 + -7)*(b/(-6) + -2). Suppose 60 = w*s - 8. What is the tens digit of s?
3
Let p(g) be the third derivative of -g**6/120 + 11*g**5/60 - 3*g**4/8 - 2*g**3 + 20*g**2. Let b be p(10). What is the units digit of 2 - (488/4)/b?
3
Let o(f) = -2*f**3 + 62*f**2 + 104*f + 142. What is the tens digit of o(32)?
2
Suppose 27 = 11*v - 6. Suppose -556 = -v*k - 2*d, 3*d - 5*d + 370 = 2*k. What is the tens digit of k?
8
What is the thousands digit of 28514 - (7/14*-6 + 4)?
8
Let u = 9 - 41. Let z = -13 + 1. What is the tens digit of (21/2)/(z/u)?
2
Suppose -6*s + 4*s = 3*r - 2044, -r + 4 = 0. What is the thousands digit of s?
1
Suppose 13*x - 18*x + 826 = 2*x. What is the units digit of x?
8
Suppose -5*q + 3*n = 8*n - 2430, -4*n - 2385 = -5*q. Let j = 1087 - q. Suppose w = -a + 105, -5*a - 69 + j = -w. What is the units digit of a?
7
Suppose -126*n + 2132 = -124*n. Suppose -3*u + n = u - 3*i, 4*u = -i + 1058. What is the hundreds digit of u?
2
Let d be ((-1386)/14)/11*(-2)/3. Suppose -d*m + 338 = -1912. What is the tens digit of m?
7
Suppose -26 = -4*x - 4*w - 86, -2*w = -5*x - 75. Let m be (970/x)/(1/(-3)). Suppose -2*h + m = -5*t + 2*t, 71 = h + 5*t. What is the units digit of h?
1
Let n = 22222 - 14345. What is the units digit of n?
7
Suppose -336 - 236 = -2*y. Suppose -292 = -4*d + 4*k, -11*d - 2*k = -15*d + y. What is the units digit of d?
0
Let d(t) = -8422*t - 1912. What is the tens digit of d(-8)?
6
Suppose 14*p - 71402 = 19976. What is the thousands digit of p?
6
Suppose -4*u = 4, -4 + 1 = -2*g - 3*u. Let q = -8703 + 8705. Suppose -q*l + 125 = 3*l - 3*i, g*i = -2*l + 50. What is the units digit of l?
5
Let m be (-4 - 0) + (6 - -1). What is the 